
Let w(k) = k**2 - 2*k + 2. Let d be w(3). Let j = -3 - -6. Let r(t) = -t**3 - t + 6 - j*t**2 + 2*t**2 + 0*t**2 + 6*t**2. Determine r(d).
1
Let r(g) = -g**2 - 6*g - 3. Let o = -8 + 4. Give r(o).
5
Let u(d) = d**3 - 4*d**2 - 4*d - 3. Let t be u(5). Suppose -y = 2*o + 15, 16 - 1 = -5*y + t*o. Let s(j) = j**3 + 4*j**2 - 4*j + 6. What is s(y)?
1
Let y(w) be the second derivative of -w**3/6 + 2*w**2 + 12*w. Calculate y(0).
4
Let s(b) be the third derivative of b**6/120 - b**5/10 + 7*b**4/24 - b**3/3 + 4*b**2. Suppose -3*x - x + 20 = 0. Calculate s(x).
8
Let d = -127 + 130. Let s(r) = 2*r**3 - 4*r**2 + 2*r. What is s(d)?
24
Let b = 0 + 5. Suppose -3*u + 20 = 3*n - u, 5*n - b*u - 25 = 0. Suppose 2*v = n, j + 8 = 2*j + 4*v. Let f(d) = -d**2 - 6*d - 3. Give f(j).
5
Suppose 3*l - 2 - 12 = -4*v, 5*l = -5*v + 20. Let c(g) be the third derivative of 1/60*g**5 - 1/6*g**3 + 0 - 1/12*g**4 + g**2 + 0*g. What is c(v)?
-1
Let g(s) = 6*s**2 - 2*s + 1. Let h(w) = -w + 10. Let x be h(9). Calculate g(x).
5
Let x(j) = -j - 9. Let u(l) = -2*l - 3. Let z be 2 + -3 + -3 - -1. Let h be u(z). Suppose 0 = 3*o - 0*o + 4*m + 8, h*m = -4*o - 6. Calculate x(o).
-9
Let z(q) = -q**3 - 4*q**2 + q + 3. Let v(l) = 2*l - 14. Let u be v(5). Give z(u).
-1
Let u(b) = -b**2 + 7*b + 6. Let l(o) = -o**3 - 3*o**2 - 9. Let t be l(-4). Give u(t).
6
Let p(l) = -l + 10. Let r be p(9). Let m(a) = 3*a**3 - a**3 - 3 + 2. What is m(r)?
1
Let y(x) = 0 - 1 + 2*x + 5. Suppose f + 1 = -t + 2*t, f = -2*t + 11. Give y(f).
10
Let m(n) = -n**2 - 8*n - 3. Let z be 1*-2 + -7 + 3. What is m(z)?
9
Suppose 15 = 3*f - 9. Let p(z) = z**3 - 9*z**2 + 8*z - 1. What is p(f)?
-1
Suppose -c + 0*c - 2 = 0. Let k(n) be the first derivative of 2*n**2 + n + 1. Let o(g) = -20*g - 5. Let j(d) = -11*k(d) - 2*o(d). Calculate j(c).
7
Let y(x) = x**2 - 6*x - 4. Let s be ((-5)/3*-3)/1. Give y(s).
-9
Let t(n) = 5*n**3 - 4*n**2 - 31*n - 1. Let j(k) = -k**3 + k**2 + 6*k. Let c(q) = 11*j(q) + 2*t(q). Let f be -1*(1 + 1 + -6). Give c(f).
-2
Let x(l) = 7*l**3 - 5*l**2 + 7*l - 1. Let b(y) = -10*y**3 + 7*y**2 - 10*y + 2. Let i(p) = 5*b(p) + 7*x(p). Suppose 5*s = s. Determine i(s).
3
Let y(h) = h**3 + 3*h**2. Suppose 8*t = -2 - 22. Give y(t).
0
Let o = 37 - 37. Let g(q) = -q - 10. Give g(o).
-10
Let c(i) = i**2 - 5*i + 2. Let y = 10 + -28. Let j = y - -8. Let r be ((-56)/(-35))/((-4)/j). Calculate c(r).
-2
Suppose -8*d = -3*d - 15. Let l(o) = 4*o - 6*o**2 + 4 + o**3 - 1 - d*o**3 + 3*o**3. Give l(5).
-2
Let t be 48/(-9)*9/6. Let s be (-2)/8 + (-42)/t. Let j(h) = h**3 - 5*h**2 - h - 4. What is j(s)?
-9
Let w be (-12)/(-12) - (14 - 1). Let u(j) = j + 8. What is u(w)?
-4
Let u(x) be the third derivative of x**6/120 + x**5/20 + x**3/2 - 9*x**2. Give u(-3).
3
Let x(w) = w**3 - 6*w**2 + 2*w + 6. Suppose 2*k - 5*r + 14 = 0, -4*r - 10 = 4*k - 5*r. Let s = 3 - k. Suppose 3*a + 5*m = 24 + 11, s*a - 4*m = 9. What is x(a)?
-9
Let f(x) = 7*x - 29*x**2 + 31*x**2 - 5*x. Give f(-3).
12
Let q(x) = -4*x - 2. Let p(b) be the second derivative of b**3/2 + b**2 - 5*b. Let m(a) = -3*p(a) - 2*q(a). Calculate m(-3).
1
Let k(q) = 2*q - 6. Let j be k(-3). Let b = j - -7. Let n(r) = r**3 + 6*r**2 + 6*r - 3. Determine n(b).
-8
Let l(c) be the first derivative of c**5/120 + 5*c**4/24 + 5*c**3/3 - 9. Let r(x) be the third derivative of l(x). Determine r(-7).
-2
Let p(s) = 5*s**2 - 14*s - 51. Let k(j) = -j**2 + 3*j + 10. Let d(t) = -11*k(t) - 2*p(t). Let x be -7*(-2 + 3)*-1. Calculate d(x).
6
Let f(h) be the second derivative of -h**4/12 + h**2 - h. Suppose 2*t = -7 - 5. Let w be t/(-1)*(-4)/12. What is f(w)?
-2
Let q(d) = d + 76 - d**3 - 77 + 3*d**2 - d**2. Calculate q(3).
-7
Suppose 8*u - 67 + 19 = 0. Let v(p) = p + 3. Give v(u).
9
Let z(a) be the first derivative of 3*a**4 + 2*a**3/3 - a**2/2 - 4. Let m(n) = n**3 - 4*n**2 + n + 7. Let t be m(3). What is z(t)?
13
Let p(o) = -o**3 - 2*o**2 - 6*o - 4*o**2 + o + 3. What is p(-4)?
-9
Let w be (-2)/2 - (-9)/(-3). Let b(x) = x**3 + 4*x**2 - 2*x. Give b(w).
8
Let m(s) be the third derivative of s**5/60 - s**4/24 + s**3/6 + 3*s**2. Determine m(0).
1
Let f(p) = 4*p**2 - 7*p - 7. Let a(z) = 5*z**2 - 8*z - 8. Let c(y) = -6*a(y) + 7*f(y). Calculate c(-1).
-2
Let s(g) = -3*g**2. Let h be s(1). Let c(v) = -v**3 - v**2 + 2*v + 1. Let d(r) = r**2. Let x(n) = -c(n) + 2*d(n). What is x(h)?
5
Let l(c) be the first derivative of -c**2/2 - 3*c - 26. Determine l(7).
-10
Suppose -5*r + b - 2 = 24, 4*r = -3*b - 17. Let i(g) be the second derivative of 3*g**2 + 1/6*g**3 - 2*g + 0. Calculate i(r).
1
Let m(g) = g**2 - g - 2. Let s be ((-12)/10)/(4/(-60)). Suppose 27 = -f + 3*u, 3*f + 4*u = 4 - 46. Let h be s/4*(-12)/f. Calculate m(h).
4
Let w(m) be the first derivative of -m**3/3 - 6*m**2 - 15*m - 15. Determine w(-10).
5
Let i(f) = 24 + f**2 - 22 - 14. Calculate i(0).
-12
Suppose -h + 16 = 7. Let u(i) = -8 + i + h - 6*i + i. What is u(2)?
-7
Let c(d) = 2*d**3 + 1. Suppose 2*f + 15 = -7. Let s = f - -10. Give c(s).
-1
Suppose -9 - 1 = -5*v. Let u(g) = 8*g - 13. Let p(s) = -4*s + 6. Let m(f) = -7*p(f) - 3*u(f). What is m(v)?
5
Let w(n) = -12*n**2 + 2*n - 1. Let x(u) = u**2 + 2*u + 1. Let b be x(-3). Suppose b*q + 0*q - 4 = 0. What is w(q)?
-11
Let o(d) = -3*d**3 + 7*d - 5. Let l(x) = -7*x**3 - x**2 + 15*x - 11. Let c(v) = -4*l(v) + 9*o(v). Let m(g) = g**2 - 20*g - 47. Let r be m(22). Give c(r).
-1
Let r(t) = t**3 - t**2 + 1. Let z(o) = -4*o**3 + 6*o**2 - 4. Let n(q) = -3*r(q) - z(q). Let l be n(1). Let c(j) = 3*j + 14 - 2*j - 13. Determine c(l).
0
Let i(w) = -4*w**3 - w**2 - 3*w + 1. Let c(s) = -s**3 - s. Let g(p) = -3*c(p) + i(p). Give g(2).
-11
Let m(d) = d**3 + 3*d**2 - d. Let b be m(-3). Let i be (2 - 3)/(b/(-12)). Let k(o) = -o**2 + 6*o - 2. What is k(i)?
6
Suppose 0*d = 2*d. Let n be 2 - 0/1 - 0. Let m(g) = -2 + 3*g**3 - 2*g**3 - n. What is m(d)?
-4
Let q be 52/(-14) + (-3)/42*4. Let r(g) = -g**3 - 4*g**2 + 5. What is r(q)?
5
Suppose 12*s = 87 + 9. Let r(b) = b. Determine r(s).
8
Let b(h) = -3*h - 1. Let j be b(-1). Let t(o) = 3*o - 4*o**j + 2*o**2 + 6*o**2. Let d be 6/(-9) - ((-21)/(-9) + -1). What is t(d)?
10
Let v(t) = 7*t**2 + t - 10. Let r(u) be the third derivative of -u**5/60 - u**4/24 + u**3/6 + 4*u**2. Let o(m) = -6*r(m) - v(m). Calculate o(5).
4
Let s(z) = -4*z**2 - 22*z + 10. Let y(f) = -3*f**2 - 15*f + 7. Let w(g) = -5*s(g) + 7*y(g). Let q(d) = -d + 5. Let p be q(0). Give w(p).
-1
Suppose -2*q - 5*c + 5 = -5, 2*q + 3*c - 2 = 0. Suppose -x = 2*x - 9. Let m(s) = -5 + s + 12 - x*s - s**2. Determine m(q).
-8
Suppose -4 - 2 = 3*q. Let o(w) be the third derivative of w**2 + 0 - 1/30*w**5 + 1/6*w**3 + 0*w**4 + 0*w. Determine o(q).
-7
Let g = -13 - -21. Let o(j) = 1 - 7*j + 10*j + g*j + 0. Let i = 0 + -1. Determine o(i).
-10
Let j(o) = -2*o + 1. Let u be j(-1). Let b(g) = 6 + u*g + 5 - 3. Calculate b(-6).
-10
Let h(j) be the third derivative of -j**7/5040 + j**6/90 - j**5/60 + j**2. Let c(n) be the third derivative of h(n). Calculate c(4).
4
Let z(n) = 2*n**2 + 2*n - 2. Let v(h) = h**2 - h + 9. Let c(k) = k**2 - 2*k + 9. Let o(l) = 7*c(l) - 6*v(l). Let b be o(6). What is z(b)?
10
Let p be (-12)/(-5) + (-44)/110. Let g(r) be the first derivative of r**4/4 - 2*r**3/3 - r**2 + 3*r - 2. Determine g(p).
-1
Let s = -47 + 50. Let q(v) be the third derivative of 5/24*v**4 + 5/6*v**3 + 0 + 1/12*v**5 + 0*v - s*v**2 + 1/120*v**6. Determine q(-4).
1
Let z be (-3 + -1)/(-1 + -1). Let l(j) be the third derivative of 0*j**4 - 1/120*j**6 + 0 + 1/3*j**3 + 0*j + 1/60*j**5 - j**2. Determine l(z).
-2
Suppose -5*o - 30 = 5*d, 0*d + 5*d - 3*o = -54. Let x be 2/4 - d/6. Let u(v) = -3*v + 2. Determine u(x).
-4
Suppose 12 = 2*m + 2*m + 4*p, -2*m - p + 6 = 0. Let n be m/(6 + -3)*-4. Let o(k) = -k - 1. Calculate o(n).
3
Let h(q) = q**3 + 4*q**2 - q - 2. Let d be h(-4). Let y(k) be the second derivative of k**5/20 + k**3/3 - k**2 + 14*k. Give y(d).
10
Suppose 4*o + 2 = -b, -4*b + 5 + 2 = o. Let n be 10/((-1 - -3)/o). Let a(c) = -4 + 5 - c + 3 + 0. Give a(n).
9
Let g(r) be the first derivative of r**5/20 - r**4/24 + r**3/3 + 2. Let y(a) be the third derivative of g(a). Calculate y(2).
11
Let z(c) = -5*c + 3. Let s(a) = 6*a - 4. Let f be (-23)/7 - 12/(-42). Let q(j) = f*s(j) - 4*z(j). Give q(2).
4
Let q be (-4)/(-4) + (2 - 1). Let x(d) be the second derivative